
{"id":316,"date":"2023-07-19T00:36:50","date_gmt":"2023-07-18T22:36:50","guid":{"rendered":"https:\/\/egjqvnkxjq.cfolks.pl\/cmrbip\/?page_id=316"},"modified":"2023-07-23T16:48:07","modified_gmt":"2023-07-23T14:48:07","slug":"instrukcja-obslugi","status":"publish","type":"page","link":"https:\/\/bip.cmradzymin.pl\/index.php\/instrukcja-obslugi\/","title":{"rendered":"Instrukcja obs\u0142ugi"},"content":{"rendered":"<section class=\"wpb-content-wrapper\"><div class=\"pdfprnt-buttons pdfprnt-buttons-page pdfprnt-top-right\"><a href=\"https:\/\/bip.cmradzymin.pl\/index.php\/wp-json\/wp\/v2\/pages\/316?print=pdf\" class=\"pdfprnt-button pdfprnt-button-pdf\" target=\"_blank\"><img decoding=\"async\" src=\"https:\/\/bip.cmradzymin.pl\/wp-content\/plugins\/pdf-print\/images\/pdf.png\" alt=\"image_pdf\" title=\"Download PDF\" \/><\/a><a href=\"https:\/\/bip.cmradzymin.pl\/index.php\/wp-json\/wp\/v2\/pages\/316?print=print\" class=\"pdfprnt-button pdfprnt-button-print\" target=\"_blank\"><img decoding=\"async\" src=\"https:\/\/bip.cmradzymin.pl\/wp-content\/plugins\/pdf-print\/images\/print.png\" alt=\"image_print\" title=\"Print Content\" \/><\/a><\/div><p>[vc_row][vc_column][vc_column_text]Niniejszy serwis BIP zosta\u0142 zaprojektowany zgodnie z wymogami Ustawy z dnia 6 wrze\u015bnia 2001 r. o dost\u0119pie do informacji publicznej (Dz. U. z nr 112 poz. 1198) oraz Rozprz\u0105dzeniem Ministra Spraw Wewn\u0119trznych i Administracji z dnia 18 stycznie 2007 r. w sprawie Biuletynu Informacji Publicznej (Dz.U. Nr\u00a010 poz. 68).<\/p>\n<p>&nbsp;<\/p>\n<h4><strong>Opis podstawowych funkcjonalno\u015bci Biuletynu Informacji Publicznej:<\/strong><\/h4>\n<p><strong>Menu serwisu<\/strong><br \/>\nZnajduje si\u0119 po lewej stronie BIuletynu Informacji Publicznej, kt\u00f3re sk\u0142ada si\u0119 z odno\u015bnik\u00f3w do poszczeg\u00f3lnych tre\u015bci informacji publicznej. Mo\u017ce by\u0107 w dowolnej liczby grup tematycznych, a ka\u017cda grupa mo\u017ce si\u0119 sk\u0142ada\u0107 z dowolnej liczby zak\u0142adek. Uk\u0142ad menu zosta\u0142 zaprojektowany kaskadowo (tzw. menu wielopoziomowe).<\/p>\n<p><strong>Rejestr zmian<\/strong><br \/>\nJest to rejestr wszelkich modyfikacji na stronie BIP, informuj\u0105cy o zmianach w tre\u015bciach zamieszczonych w BIP (tj. autor, link do zmienionej zak\u0142adki, autor dokonuj\u0105cy zmiany oraz data zmiany). Dost\u0119p do rejestru mo\u017cliwy jest po wybraniu zak\u0142adki &#8220;Rejestr zmian&#8221; znajduj\u0105cej si\u0119 w stopce serwisu oraz &#8220;Menu serwisu&#8221;. Wszelkie zmiany prezentowane s\u0105 kaskadowo.<\/p>\n<p><strong>Instrukcja obs\u0142ugi<br \/>\n<\/strong>Opisuje spos\u00f3b korzystania ze strony.<\/p>\n<p><strong>Redakcja serwisu<br \/>\n<\/strong>Zawiera informacje o osobach redaguj\u0105cych stron\u0119.<\/p>\n<p><strong>Szukaj<br \/>\n<\/strong>Nale\u017cy wpisa\u0107 w polu poszukiwane s\u0142owo i u\u017cy\u0107 ikonki lupy\u00a0 &#8220;SZUKAJ&#8221;. Modu\u0142 wyszukiwania umieszczony jest w prawym g\u00f3rnym rogu obok funkcji dost\u0119pno\u015bci (zmiana wielko\u015bci czcionki, zmiana kontrastu, zmiana odleg\u0142o\u015bci pomi\u0119dzy znakami, zmiana odleg\u0142o\u015bci pomi\u0119dzy wierszami, w\u0142\u0105czenie podkre\u015blenia link\u00f3w)<\/p>\n<p>Po wykonaniu tej operacji pojawi\u0105 si\u0119 wyniki ze wskazaniem kategorii, w kt\u00f3rym znajduje si\u0119 artyku\u0142 oraz odno\u015bnika, umo\u017cliwiaj\u0105cego bezpo\u015brednie przej\u015bcie do wybranego artyku\u0142u.<\/p>\n<p><strong>www.bip.gov.pl<br \/>\n<\/strong>Link do g\u0142\u00f3wnej strony Biuletynu Informacji Publicznej.<\/p>\n<p><strong>Artyku\u0142y<br \/>\n<\/strong>Ka\u017cdy artyku\u0142 opatrzony jest:<br \/>\n\u2022 tytu\u0142em kategorii i artyku\u0142u<br \/>\n\u2022 linkiem powrotu<br \/>\n\u2022 licznikiem odwiedzin<br \/>\n\u2022 funkcj\u0105\u00a0wydruku<br \/>\n\u2022 metryczk\u0105 informacyjn\u0105 zawieraj\u0105c\u0105:<br \/>\n\u25e6 dat\u0119 opublikowania artyku\u0142u<br \/>\n\u25e6 dat\u0119 ostatniej modyfikacji<br \/>\n\u25e6 podmiot udost\u0119pniaj\u0105cy informacj\u0119<br \/>\n\u25e6 osob\u0119 publikuj\u0105c\u0105 informacj\u0119<br \/>\n\u25e6 osob\u0119 modyfikuj\u0105c\u0105 informacj\u0119<\/p>\n<p><strong>Kompatybilno\u015b\u0107<br \/>\n<\/strong>Serwis jest w pe\u0142ni rozpoznawalny przez programy czytaj\u0105ce dla os\u00f3b niewidomych Window-Eyes, JAWS czy NVDA.\u2028 Obs\u0142uga serwisu mo\u017cliwa jest zar\u00f3wno przy pomocy klawiatury jak i myszki.<\/p>\n<p><strong>Wygl\u0105d<br \/>\n<\/strong>Serwis jest wyposa\u017cony w mechanizmy u\u0142atwiaj\u0105ce przegl\u0105danie tre\u015bci przez osoby niedowidz\u0105ce. Zmiana wielko\u015bci czcionki, zmiana kontrastu, zmiana odleg\u0142o\u015bci pomi\u0119dzy znakami, zmiana odleg\u0142o\u015bci pomi\u0119dzy wierszami, w\u0142\u0105czenie podkre\u015blenia link\u00f3w. \u2028Ca\u0142o\u015b\u0107 serwisu oparta jest na stylach CSS.<\/p>\n<p><strong>Skr\u00f3ty klawiaturowe<br \/>\n<\/strong>Serwis nie jest wyposa\u017cony w skr\u00f3ty klawiaturowe, kt\u00f3re mog\u0142y by wchodzi\u0107 w konflikt z technologiami asystuj\u0105cymi (np. programy czytaj\u0105ce), systemem lub aplikacjami u\u017cytkownik\u00f3w.[\/vc_column_text][\/vc_column][\/vc_row][vc_row][vc_column][vc_column_text]\r\n\r\n\r\n\r\n\r\n[\/vc_column_text][vc_column_text]<hr class=\"hr_metryka\"><h4>\tMetryka<\/h4> <strong>Informacj\u0119 udost\u0119pni\u0142:<\/strong> Centrum Medyczne im. Bitwy Warszawskie 1920 r w Radzyminie<br \/>\tSamodzielny Publiczny Zesp\u00f3\u0142 Zak\u0142ad\u00f3w Opieki Zdrowotnej<br \/>\t<strong>Wytwarzaj\u0105cy \/ odpowiadaj\u0105cy:<\/strong> admin_bipcmr <br \/>\t<strong>Informacj\u0119 wprowadzi\u0142:<\/strong> admin_bipcmr <br \/>\t<strong>Data publikacji:<\/strong> 2023-07-19  <br \/>\t<strong>Ostatnia modyfikacja:<\/strong> 2023-07-23 16:48 przez admin_bipcmr <\/p>\n<div class=\"post-views content-post post-316 entry-meta\">\r\n\t\t\t\t<span class=\"post-views-label\">Ilo\u015b\u0107 wy\u015bwietle\u0144 strony:<\/span> <span class=\"post-views-count\">273<\/span>\r\n\t\t\t<\/div>[\/vc_column_text][\/vc_column][\/vc_row]<\/p>\n<\/section>","protected":false},"excerpt":{"rendered":"<p>[vc_row][vc_column][vc_column_text]Niniejszy serwis BIP zosta\u0142 zaprojektowany zgodnie z wymogami Ustawy z dnia 6 wrze\u015bnia 2001 r. o dost\u0119pie do informacji publicznej (Dz. U. z nr 112 poz. 1198) oraz Rozprz\u0105dzeniem Ministra Spraw Wewn\u0119trznych i Administracji z dnia 18 stycznie 2007 r. w sprawie Biuletynu Informacji Publicznej (Dz.U. Nr\u00a010 poz. 68). &nbsp; Opis podstawowych funkcjonalno\u015bci Biuletynu Informacji&hellip;<\/p>\n","protected":false},"author":1,"featured_media":0,"parent":0,"menu_order":0,"comment_status":"closed","ping_status":"closed","template":"","meta":{"_lmt_disableupdate":"no","_lmt_disable":"no","footnotes":""},"_links":{"self":[{"href":"https:\/\/bip.cmradzymin.pl\/index.php\/wp-json\/wp\/v2\/pages\/316"}],"collection":[{"href":"https:\/\/bip.cmradzymin.pl\/index.php\/wp-json\/wp\/v2\/pages"}],"about":[{"href":"https:\/\/bip.cmradzymin.pl\/index.php\/wp-json\/wp\/v2\/types\/page"}],"author":[{"embeddable":true,"href":"https:\/\/bip.cmradzymin.pl\/index.php\/wp-json\/wp\/v2\/users\/1"}],"replies":[{"embeddable":true,"href":"https:\/\/bip.cmradzymin.pl\/index.php\/wp-json\/wp\/v2\/comments?post=316"}],"version-history":[{"count":10,"href":"https:\/\/bip.cmradzymin.pl\/index.php\/wp-json\/wp\/v2\/pages\/316\/revisions"}],"predecessor-version":[{"id":705,"href":"https:\/\/bip.cmradzymin.pl\/index.php\/wp-json\/wp\/v2\/pages\/316\/revisions\/705"}],"wp:attachment":[{"href":"https:\/\/bip.cmradzymin.pl\/index.php\/wp-json\/wp\/v2\/media?parent=316"}],"curies":[{"name":"wp","href":"https:\/\/api.w.org\/{rel}","templated":true}]}}